 -66. Is o a prime number?
False
Suppose j - 2*i = -278, -3*j - i - 848 = -0*i. Is (20/(-15))/(4/j) a prime number?
False
Suppose -2*n - 3*t = -799, 6*n - 2*n - 1608 = -4*t. Is n prime?
False
Let c be 8/28 + (-26)/(-7). Let t be 1/(2/c + 0). Suppose 4*h = t*h + 14. Is h a prime number?
True
Suppose 0 = 3*v - v - 154. Is v a prime number?
False
Suppose 4*m = -0*m + 32. Suppose -p - 1 = -m. Is p a prime number?
True
Suppose -6*h + 3*h = -12. Suppose -5*d + 295 = 5*p, -p - 65 = h*d - 301. Is d prime?
True
Suppose 4*p = -p + 25. Suppose -p*w + 5 = -10. Suppose -w*g - 3*a + 159 = 0, 0 = g - 4*a + 2*a - 53. Is g a composite number?
False
Let z = 20 + -16. Suppose z*d + 3*k - 162 - 505 = 0, -3*k = 2*d - 341. Is d prime?
True
Let l(k) be the third derivative of -k**6/120 + k**5/60 - k**4/24 + 20*k**3 - k**2. Let m be l(0). Suppose -2*i + 6 = 0, -i - m = -5*t + 262. Is t prime?
False
Let s be (-3)/(-2 + (-15)/(-12)). Suppose 3*c + 11 = -i, -2*i - 12 = -0*i + s*c. Suppose 0 = i*h + h - 395. Is h prime?
True
Let c(f) = f**2 + 7*f - 2. Let b be c(-9). Suppose 0 = -3*z - b - 23. Let o = -6 - z. Is o a prime number?
True
Let x(h) = 10*h + 7. Is x(6) composite?
False
Is (2 - 5) + 4 - -2152 a composite number?
False
Let h(g) = -g + 4. Let o be h(5). Is 87 + o + (1 - -2) prime?
True
Let w = 18 - 13. Suppose -172 = w*v - 647. Is v composite?
True
Let k be (5 - 97) + (4 - 1). Is 2*-1*k/2 a prime number?
True
Let l be (-4144)/20 + (-2)/(-10). Let f = l + 294. Is f a prime number?
False
Let r(t) = -t**2 + 5*t - 3. Let z be r(3). Suppose -z*y - 4 = -4*x, 3*x + x - 5*y + 4 = 0. Suppose -3*n = -u - 1, 3*n = x*u + 11 - 43. Is u prime?
True
Let x(w) be the second derivative of 7*w**3/6 - 3*w. Is x(2) prime?
False
Suppose -266 = -5*s + 7*s. Let q = s - -228. Is q composite?
True
Let n(o) = o + 7. Let f be n(-4). Suppose f*c = c + 28. Is c/35 + 183/5 composite?
False
Suppose -f - 6 = 2*f. Is (f - -1)/((-4)/316) a composite number?
False
Suppose 2*d = -48 + 170. Suppose 66 + d = l. Is l composite?
False
Let y = 2 - 3. Let z be (-2)/(2 + 0)*-16. Let n = y + z. Is n composite?
True
Let t(w) = 2*w**2 + 10*w - 1. Is t(-14) a composite number?
False
Let n be (1044/(-42))/(2/(-14)). Let o = n - 11. Is o prime?
True
Suppose -3*s - 12 = 0, 4*u - 2*u + 214 = -2*s. Let y = 46 - u. Is y composite?
False
Suppose 0 = 4*h + 8, -4*l + 1168 = -3*h + h. Is l a prime number?
False
Let p be ((-4)/8)/(1/(-2)). Suppose -4*d - p + 13 = 0. Suppose 4*g - 148 = -3*i - i, -2*g = d*i - 112. Is i a prime number?
False
Let i = 1613 - 1040. Is i a composite number?
True
Let g be (611/(-2))/((-1)/2). Suppose 0 = -m + g - 214. Is m a prime number?
True
Let t(s) = s**3 - s**2 + 2. Let y be t(0). Suppose -2*n + 0*n + y*a + 222 = 0, 4*n - 5*a - 448 = 0. Let v = n + -68. Is v composite?
True
Let w(m) be the first derivative of -m**2/2 - 6*m + 3. Is w(-10) composite?
True
Let u = -1039 + 2020. Suppose 7*f + 344 = u. Is f a prime number?
False
Suppose -2*c + 1 = 19. Is (-2329)/c + 8/36 a prime number?
False
Let w(c) = -4*c**3 - 13*c**2 - 23*c + 17. Is w(-10) a composite number?
True
Let c be (-18)/(-4)*(0 + -2). Let u = 31 + c. Suppose 0 = -2*h + 4*h + 4*d - u, -5*d = h + 1. Is h a prime number?
True
Let u(j) = 113*j - 8. Is u(5) a composite number?
False
Suppose -1122 - 1042 = -4*z. Is z prime?
True
Suppose 6 - 2 = 2*v. Is 1 + 27*v + 0 composite?
True
Let d(z) = 2*z + z + z**2 - 2 - 9*z. Is d(-5) composite?
False
Let m(l) = -215*l + 4. Is m(-3) a composite number?
True
Is (4 - 9)*11/(-1) composite?
True
Suppose -6251 = -6*u + 1123. Is u composite?
False
Let r be (-6)/(-8) + 6654/24. Let z = r - 192. Is z a prime number?
False
Let k be 2187 + -3*2/(-3). Let d be k/(-9) - (-4)/18. Is d/(-5) + 4/10 a composite number?
True
Let r = 4 + -4. Suppose -2*b = -r*b - 6. Suppose b*z - 3*a + 0*a - 99 = 0, -2*a + 8 = 0. Is z a composite number?
False
Let w(l) = l**3 + 5*l**2 + 2*l + 6. Let u be w(-5). Let o(i) = i**3 + 7*i**2 + 6*i - 5. Is o(u) composite?
False
Suppose 0 = 4*z - 8, -z - 14 = -4*x. Suppose x*a - 362 = 450. Is a a composite number?
True
Let b = 115 + -199. Is -2 + 3*b/(-9) composite?
True
Is (-6 - -2) + 35 + 6 prime?
True
Suppose 942 = -4*w + 2*n, 2*w - 2*n + 564 - 90 = 0. Let a = w + 445. Is a prime?
True
Suppose -3*a - 4*b + 3 = 8, a - 10 = b. Let p be 1/a + 504/5. Suppose 3*n = -0*u - u + p, 3*u = 5*n - 187. Is n a prime number?
False
Let z = 57 - 37. Suppose n = z + 19. Is n a composite number?
True
Let x be (-3 - 33/(-15))*5. Let j be x/(-10)*(-75)/5. Let v(s) = -25*s - 1. Is v(j) a prime number?
True
Let i be (-1 - 1)/(2/10). Let l be (132/i)/((-1)/(-5)). Is (l/8)/((-3)/12) prime?
False
Suppose -3*m - 4*z = m - 16, 3*m - 3*z + 12 = 0. Suppose m = 3*u - 367 + 34. Is u a composite number?
True
Suppose 3*z + 0*o - 3*o = 102, -2*z = 3*o - 88. Is z a composite number?
True
Let k = 62 + -43. Is k prime?
True
Is 2/(-8) + (-40052)/(-16) a composite number?
False
Let p(v) = v**2 + 7*v - 5. Let h be p(-8). Is (-64)/(-3) - (-2)/h a prime number?
False
Let r be (-1 - (-1)/(-2))*-34. Suppose -3*h + r = 21. Is h prime?
False
Let u(q) = -250*q - 1. Is u(-1) a composite number?
True
Is -3*(-73638)/(-36)*4/(-6) composite?
False
Suppose m + 3*m + 4*o = -4, -m + o - 7 = 0. Let k(w) = -19*w + 5. Let j(b) = 9*b - 2. Let p(z) = -7*j(z) - 3*k(z). Is p(m) composite?
False
Let p = 145 - -146. Is p a composite number?
True
Let k be (-10)/4*2/(-1). Suppose -677 = -k*o - 42. Is o prime?
True
Let l be 1 + 3 + 19 + -2. Suppose -4*m = -3*c - 100, m - 4 = 2*c + l. Is m a composite number?
True
Let y(w) be the first derivative of -5*w**2 - w + 1. Let j = -18 + 12. Is y(j) a prime number?
True
Let z(o) = -4*o - 14. Is z(-15) composite?
True
Suppose 4795 = -3*c + 10*c. Is c composite?
True
Let q = -154 - -247. Is q prime?
False
Let j be (9/6)/(12/(-80)). Let g = j + 144. Is g prime?
False
Let m = -46 + 25. Suppose 4*r = x - 40, 2*x + 120 = 5*x - 3*r. Let a = m + x. Is a a prime number?
True
Suppose 90 = s + 4*s. Let j be ((-3)/9)/((-3)/s). Suppose j*v + 3*v = 175. Is v composite?
True
Is (-144056)/154*(-7)/2 a composite number?
True
Let z = -8 - -59. Is z a prime number?
False
Let f = 13229 + -7896. Is f composite?
False
Suppose x = -2*j + 92, 2*j + 3*j - x - 230 = 0. Is j prime?
False
Let i = 4 + -2. Let t(u) = 10*u - 6 - u**3 + 13 - 9*u**i + 3*u**2. Is t(-8) prime?
False
Let n(x) = x**3 + 11*x**2 - 2*x + 11. Is n(-9) a composite number?
False
Let k = 317 + 798. Is k prime?
False
Suppose 7*m - 277 = 346. Is m a composite number?
False
Suppose 4*m - 4*n - 3116 = 0, 3*n + 2783 = 4*m - 333. Is m composite?
True
Let y(r) be the third derivative of r**5/20 - r**4/8 - r**3/3 + 2*r**2. Is y(4) a prime number?
False
Suppose 7 - 1 = -3*m. Is 16 - m*(-3)/6 a composite number?
True
Let s = -279 + 610. Is s prime?
True
Suppose -2*y = 24 - 122. Is y a prime number?
False
Suppose 4*h + x - 208 = 6*x, -5*h = -x - 260. Suppose -c + h - 6 = 0. Is c a prime number?
False
Suppose 4*i - 106 = w - 0*w, 5*w = -3*i + 91. Is 9/i + (-278)/(-3) a prime number?
False
Suppose 4*y - 1349 = 3*y. Is y a prime number?
False
Suppose -769 - 151 = 5*z. Let r = z + 267. Is r a composite number?
False
Let v(b) = 3*b**2 - 9*b - 11. Is v(-10) a composite number?
False
Suppose 2*o + 2*a = 12 + 2, 0 = -5*o + 4*a + 17. Suppose 3*u = n + 5014, -3*n = -o*u + 2*n + 8340. Is u prime?
False
Suppose x + r + 92 = 2*x, 5*r + 96 = x. Let f = -38 + x. Is f composite?
False
Let x = 0 + 1. Let a = x + -1. Suppose 0 = 5*l - a*l - 255. Is l a composite number?
True
Suppose -4*y + 462 = -2*y. Let j = y - 120. Is j a prime number?
False
Let n be 1166/14 - 2/7. Let o = -61 - -31. Let c = n + o. Is c a composite number?
False
Let j = -13 + 25. Suppose m = 3*a + 67, 3*a + 0*a - j = 0. Is m composite?
False
Let d be (-7 - -1)/3 - -3. Let a = -4 - d. Let k = a + 8. Is k composite?
False
Is ((-106)/(-4))/((-2)/(-20)) prime?
False
Suppose -3*m = -f - 4*m + 14, f - 20 = m. Suppose -f = 5*l - 292. Is l a composite number?
True
Let c(g) = -g**2 - 4*g + 6. Let a be c(-5). Is a + -1 - 223*-1 composite?
False
Let u = 2407 + -1600. Is u composite?
True
Suppose k - 5007 = -2*k. Is k prime?
True
Let j(v) = v**3 - 4*v**2 + 2*v - 1. Let t be j(3). Let g = 3 - t. Is g a composite number?
False
Suppose -4